(z). Determine w(j).
-2
Let b(n) = 20*n + 16. Let s(a) = 5*a - 1. Let d(y) = -4*y + 1. Let v(f) = 6*d(f) + 5*s(f). Let z(o) = b(o) - 16*v(o). Calculate z(1).
4
Let c be (-4)/(4/5) - -6. Suppose -2*t + 2*a + 12 = 0, -2*a - 5 - c = 4*t. Let m(h) = 12*h. Determine m(t).
12
Let s(q) = -7*q**3 - q**2 - q - 1. Suppose -18*y = -19*y + 24. Let n = y + -25. What is s(n)?
6
Suppose 3*x + 13 + 14 = -5*l, 15 = -l - 3*x. Let k be (-10)/l - (-4)/6. Let n(o) = -o**2 + 4*o - 2*o + 0*o - k*o. Give n(-4).
-8
Let i = 69 + -59. Let p(c) = -c**2 + 9*c + 11. Calculate p(i).
1
Let i(o) be the third derivative of -o**5/60 - 5*o**4/24 + 2*o**2. Let v be 5*(2 - (1 + 2)). What is i(v)?
0
Let v(o) = o**2 - 2*o - 5. Let s(z) = 3*z**2 - 7*z - 14. Let n(h) = 3*s(h) - 8*v(h). Suppose -a + 8 = 2*f - 0*a, 20 = 5*f - 2*a. Calculate n(f).
-6
Suppose -3*b + 4*y + 11 = 25, 0 = -3*y - 12. Let s(p) be the second derivative of -p**5/20 - 3*p**4/4 + 11*p**3/6 + p**2/2 - 2*p. What is s(b)?
-9
Let q(s) = -4*s + 2*s - 4 - 3*s**3 - 3*s**3 + 5*s**3 - 5*s**2 - 3. Calculate q(-5).
3
Let l(p) be the second derivative of p**5/20 + p**4/2 + p**3/6 + 4*p**2 - p. Let n be 3*(-208)/(-12) + -2. Suppose -n = 7*r - 8. What is l(r)?
2
Let f(l) be the first derivative of -l**6/360 + l**5/30 + l**4/6 - 4*l**3 - 11. Let c(k) be the third derivative of f(k). Calculate c(5).
-1
Let c(f) be the third derivative of 5*f**4/24 + f**3/6 + 21*f**2 - 5*f. Give c(-2).
-9
Let d(k) = 2*k**2 - 2. Let q be d(2). Suppose 3*z - 5 = 2*s, -s - 5*z + 11 = -q. Let r(t) = 11*t**s + t - 4 - 3*t**2 + 3. Calculate r(1).
8
Let o(u) be the second derivative of -4*u - 3/2*u**2 + 0 + 1/6*u**3. Give o(4).
1
Suppose -6*n + 204 = 30. Let f = n + -32. Let i(p) = 0*p - 3*p + 0 + 3. Determine i(f).
12
Let n be 11 + -11 - 15 - (-2 - -1). Let z(a) = a**2 + 14*a + 14. Calculate z(n).
14
Let u(q) = -5*q**3 + 13*q**2 + 3. Let o(s) = 9*s**3 - 25*s**2 - s - 6. Let a(w) = 6*o(w) + 11*u(w). Let l be (234/(-104))/(3/8). Determine a(l).
-3
Let f(p) = 3*p - 4. Let v be f(2). Let s(t) = 2*t**v + 5 + 6*t - 3*t**2 - 11. Calculate s(4).
2
Let n(w) = w + 4 - 3*w + 3*w**2 - w. Let m(d) = -41*d + 13 + 38*d + 4*d**2 - 8. Let q(i) = -2*m(i) + 3*n(i). Calculate q(4).
6
Let z(m) = -m**3 + 3*m**2 - 1. Let y(l) = -3*l**2 + l + 2. Let x be y(-1). Let h be 0 - (-2 + 3 + (x - 1)). Calculate z(h).
3
Suppose 0 = x - 4, -6*t + 28 = -2*t + 5*x. Let n(o) = 3*o**2 + o - 1. What is n(t)?
13
Let u(t) = -t**2 + 4*t + 1. Let a = 88 + -86. Calculate u(a).
5
Let i(n) = -n**3 + 7*n**2 - 9. Let c be i(7). Let y = 14 + -1. Let f = y + c. Let p(q) = q**3 - 3*q**2 - 2*q. What is p(f)?
8
Let k = -16 - -19. Let u = -1 + k. Let x(h) = -2*h**u - h**2 - h - 9 + 0*h**3 + h**3 + 4*h**2. Calculate x(0).
-9
Let r(b) = -b**2 + 16*b - 25. Let g be r(14). Suppose 0 = 4*d + 3*z - 23, z + 12 = d + g*z. Let i(k) = 5*k**2 + 1 - 2 - 3*k**2 - k. What is i(d)?
5
Let t = -32 - -33. Let y(b) = -b - t - 11 + 21. Give y(0).
9
Let a(x) = x**2 + x. Let w be a(-2). Let p(q) = q**3 - 3 + 3*q**2 + 6*q - w*q**3 - 1. Let o(h) = 2*h - 10. Let k be o(7). Calculate p(k).
4
Let o be 1/(-5) + 2/10. Let d be (-1)/(3/(-15) + (-6)/(-15)). Let q be (d - (o - 3)) + -1. Let g(f) = -f**2 - 5*f - 3. Determine g(q).
3
Let p(u) = 2*u - 8. Let m = -13 - -6. Let o be 1*12*(m - -6). Let z = o + 18. Calculate p(z).
4
Suppose 3*s - 70 = 5*c, -s + 2*c = 7*c - 50. Let q be s/20*(-4)/(-3). Let b(i) = -8 + 7 - i - q. Determine b(-5).
2
Let a(x) be the second derivative of 7*x**3/6 - 7*x**2/2 - 177*x. What is a(5)?
28
Suppose -5*r - 4 = 6. Let g be -6 + 4 + (r - -16). Let k(f) = 13*f - 7*f + g*f - 4*f. What is k(1)?
14
Let p(u) = -3*u**2 + 2*u - 8*u + 4*u**2. Let d = 158 + -247. Let i = d + 94. Calculate p(i).
-5
Let p(y) be the second derivative of -y**4/12 - 5*y**3/6 + 39*y**2/2 - 100*y. What is p(-9)?
3
Suppose -16 = 4*z - 3*c, -2*c + 27 = 2*z - 7*z. Let v(u) = -8*u - 1. Let r(w) = -49*w - 15. Let h(q) = -r(q) + 6*v(q). Give h(z).
2
Let w(k) = 4*k**2 - 29*k - 59. Let t(f) = f**2 - 8*f - 15. Let y(i) = 9*t(i) - 2*w(i). What is y(16)?
15
Let f(p) = -284 + 172 + p + 113. Give f(-5).
-4
Let s(y) = -y - 10. Let h(u) = -u + 5. Let b = 1 - 1. Suppose 3*o + 20 = -0*g + g, b = -2*g + o + 15. Let a be h(g). Give s(a).
-10
Let g(y) = 7*y - 5. Let j(v) = -3*v + 2. Suppose -4*o + 4*i = 32, -2*o - 1 + 6 = 5*i. Let a(q) = o*j(q) - 2*g(q). What is a(5)?
5
Let i(w) = -w**3 - 4*w**2 - 2*w - 3. Let b = -84 - -44. Let m = -44 - b. Give i(m).
5
Suppose 0 = -4*f - 0*f - 12. Let h(s) = -s**3 + 8*s**2 + 11*s - 13. Let u be h(9). Let r(q) = -3*q + 0 + u - 4 + 2 - q**2. Determine r(f).
3
Let v(c) = -c**3 + 6*c**2 - 7*c - 2. Let k = 11 - 6. Suppose k*a = 7*a - 36. Suppose 2*i - a = 4*b, -15 = -i - 0*b + 5*b. What is v(i)?
-12
Let a(r) = -28*r - 10 + 10. Let u(w) = w. Let l(x) = -a(x) - 35*u(x). Suppose o = 3*o - h - 6, -16 = 4*h. Calculate l(o).
-7
Let r(m) = 7*m**3 + m. Let n(o) = -3*o - 9. Let s be n(10). Let k = s + 9. Let y be k/70 - (-20)/14. Calculate r(y).
8
Let w(l) = 4*l**2 - 3*l + 2. Suppose -a + 8*z - 18 = 3*z, -3*a = -4*z + 10. What is w(a)?
12
Let u(s) = -s**3 - 4*s**2 - s + 7. Let h be -3 - (-10 + 1) - (5 + -4). Let t be h*(8/(-20) + (-1)/5). Calculate u(t).
1
Let s(z) = 9 - 4*z + z**2 + 6*z + 6*z. Let c be -14 - (-584)/40 - (-43)/(-5). Determine s(c).
9
Let h(v) = -8 - 693*v + 688*v + 9. Calculate h(2).
-9
Let b(n) = 7*n + 1. Suppose -7*c - 13 = 22. Give b(c).
-34
Let i = -14 + 19. Suppose i*c = c + 4. Let k = c + 2. Let l(p) = p + 2. Calculate l(k).
5
Let k(d) = d**2 - 48*d - 335. Let v be k(54). Let l(a) = a**2 + 10*a - 8. Calculate l(v).
3
Let m(k) be the second derivative of 8*k + 1/6*k**3 - k**2 + 0. Calculate m(2).
0
Let w(i) = i + 2. Suppose -x - 8 = 2*l, -5*l + 5*x = 3 + 2. Calculate w(l).
-1
Suppose 0 = -3*w - 17 + 2. Let o(q) = 7*q + 7. Let f(y) = y + 1. Let b(n) = 6*f(n) - o(n). Let g(h) = -5*h - 10. Let a(d) = 6*b(d) - g(d). What is a(w)?
9
Let i(a) = a**3 + 13*a**2 + 11*a - 12. Let w be i(-12). Let f(c) = -3 + 4 + 13*c**3 + c**2 + w*c**2 + c. What is f(-1)?
-12
Let t(a) = 11*a**2 + 2*a - 8. Let p(c) = 20*c**2 + 6*c - 15. Let h(m) = -6*p(m) + 11*t(m). Calculate h(14).
2
Let f(z) = -82 - z + 8*z**2 + 75 - 9*z**2. Suppose -4*r - r + 12 = -3*u, 16 = -5*r - 4*u. Calculate f(r).
-7
Let w = 3 - 7. Let q(r) = 1. Let d(p) = 8*p - 14 + 10 - 4*p + 3*p. Let s(b) = w*q(b) - d(b). Calculate s(2).
-14
Let s(i) = -2*i - 6. Let l(y) = -y - 4. Let k(p) = 5*l(p) - 3*s(p). Let j be 2/10 + 42/15. Let a = j - 5. Determine k(a).
-4
Let t(n) = 2*n**2 - 2*n. Let r(b) be the second derivative of b**3/6 + 5*b**2/2 + 6*b. Let x be r(-3). Suppose 0*y = 3*w - y - 10, x = 3*w + y. Calculate t(w).
4
Let u(r) = r**3 - r**2 - r. Suppose 5*g + 11 = -2*v, 5*g - 4*v + 23 = -0*g. Let z(b) = 4*b**3 - 6*b**2 - 5*b + 2. Let t(w) = g*u(w) + z(w). What is t(-2)?
-14
Let i = 12 + -10. Suppose 0 = -2*f - 4, 2*a = 2*f + i*f + 24. Let u(l) be the third derivative of l**4/24 - 7*l**3/6 - 3*l**2. Determine u(a).
1
Let d = 2968 - 2972. Let c(j) be the third derivative of -j**4/4 - j**3 - 2*j**2. What is c(d)?
18
Let g = 67 + -65. Suppose -4*o = g*m - 6, 0 = -m - 3*m + 2*o + 2. Let l(b) = 13*b**2 + 1. Calculate l(m).
14
Suppose -s - 25 = 4*s. Let k(c) be the first derivative of c**5/60 + 7*c**4/24 - 7*c**3/6 - 17*c**2/2 - 3. Let d(u) be the second derivative of k(u). Give d(s).
-17
Let x(u) be the first derivative of -u**3/3 + 3*u**2/2 + 2*u - 1. Let f be -1 - -13 - 9/3. Suppose f = m + 5. What is x(m)?
-2
Suppose -c = -0*c - 3. Let l(r) = 9*r**3 + 4*r - 9*r**3 + r**3 - 3*r. Let h(q) = -5*q**3 - 5*q**2 - 2*q - 3. Let g(t) = -h(t) - 6*l(t). What is g(c)?
9
Suppose -18 + 0 = -2*a. Suppose -5*u = -5*n - 40, 2*u + n - 1 = a. Let v(z) = -z**3 + 7*z**2 - 7*z + 9. Calculate v(u).
3
Let y be (-63)/(-6)*(-2)/(-3). Suppose 4*c - 9 = y*c. Let t(n) = 2*n + 1. Determine t(c).
-5
Let h(b) be the third derivative of b**5/60 - 25*b**3/6 - 745*b**2. Determine h(0).
-25
Let a = 17 - 15. Let v(f) = -11*f**2 + 3 + 36*f**a - 7*f - 13*f**2 - 11*f**2. Give v(6).
-3
Let p = 142 + -134. Let s(w) = w**3 - 8*w**2 - 7. Determine s(p).
-7
Let c(j) = -j**2 - j + 1. Let k(n) = -7*n**2 - 3*n + 12. Let f(i) = 6*c(i) - k(i). Let w = 31 + -26. Calculate f(w).
4
Suppose 0 = -4*o + 26 + 10. Suppose 10*f = 7*f - o